. Determine v(-47).
-3
Let d(r) = -9*r + 580. Give d(63).
13
Let f(p) = -p**2 - 265*p + 2183. Give f(8).
-1
Let c(x) = 10*x**3 + 34*x**2 - 67*x + 15. Determine c(2).
97
Let l(j) = -4342*j + 221450. Determine l(51).
8
Let w(x) = -252*x - 32760. Give w(-130).
0
Let u(t) = -t**3 - 2*t**2 - 33*t - 99. Calculate u(-3).
9
Let p(m) = -36*m**2 - 3019*m + 106. Determine p(-84).
-314
Let q(x) = -x**3 - 109*x**2 + 235*x + 1404. Determine q(-111).
-39
Let m(u) = -120*u + 1523. What is m(13)?
-37
Let g(n) = -175*n - 1028. Give g(-6).
22
Let s(p) = 2*p**2 - 38*p - 67. What is s(13)?
-223
Let s(n) = 2*n**3 - 15*n**2 - 44*n + 328. What is s(8)?
40
Let l(w) = w**3 - 20*w**2 + 39*w - 23. Determine l(18).
31
Let p(r) = -330*r - 1323. Determine p(-4).
-3
Let m(j) = 85*j + 9648. Give m(-113).
43
Let w(m) = -m**2 - 6*m - 73. Give w(-10).
-113
Let k(n) = n**3 - 10*n**2 + 9*n + 16. Give k(8).
-40
Let n(k) = -4*k**2 + 177*k - 1195. Calculate n(7).
-152
Let x(b) = -70*b**2 - 32*b - 25. Calculate x(-1).
-63
Let w(z) = 33*z**3 + 10*z**2 + 54*z - 62. What is w(1)?
35
Let x(v) = 115*v + 1743. What is x(-16)?
-97
Let t(w) = -22*w**3 - 4*w**2 - 70*w - 67. Give t(-1).
21
Let f(g) = -g**3 + 20*g**2 + 2*g + 66. Determine f(20).
106
Let b(f) = 8*f + 837. What is b(-109)?
-35
Let o(f) = -f**3 + 20*f**2 - 81*f - 24. What is o(14)?
18
Let o(s) = s**2 + 7314*s + 94907. Determine o(-13).
-6
Let d(f) = 3*f**2 + 44*f - 106. Calculate d(-16).
-42
Let t(r) = -r**3 + 40*r**2 - 281*r + 64. Give t(31).
2
Let h(g) = -372*g - 2923. Calculate h(-8).
53
Let x(h) = -21*h + 28. What is x(7)?
-119
Let s(g) = 27*g + 896. Calculate s(-32).
32
Let g(f) = -f**3 - 12*f**2 - 26*f + 12. Calculate g(-10).
72
Let c(w) = w**3 - 23*w**2 - 61*w + 906. Determine c(24).
18
Let r(i) = -i**3 - 58*i**2 + 57*i + 100. What is r(-59)?
218
Let o(u) = -10*u**2 + 37*u + 8. Determine o(4).
-4
Let m(w) = 101*w - 38. Calculate m(3).
265
Let i(n) = 131*n**2 - 293*n + 56. What is i(2)?
-6
Let h(v) = -v**3 + 11*v**2 + 34*v + 12. Determine h(-4).
116
Let h(k) = k**3 + 8*k**2 + 13*k + 8. Give h(-7).
-34
Let u(l) = -13*l**3 + 35*l**2 - 12*l + 13. Calculate u(2).
25
Let a(o) = -2*o**2 - 11*o + 99. Determine a(11).
-264
Let d(r) = -r**3 + 8*r**2 - 4. What is d(6)?
68
Let g(t) = -t**2 + 824*t - 40150. Calculate g(52).
-6
Let m(n) = -237*n - 2371. Calculate m(-10).
-1
Let c(w) = 48*w**2 - 313*w - 159. Calculate c(7).
2
Let b(n) = 110*n + 493. Determine b(-4).
53
Let g(q) = -q**2 - 72*q - 1094. Determine g(-22).
6
Let s(p) = 2*p**3 + 14*p**2 - 48*p - 39. Calculate s(-9).
69
Let f(w) = -45*w**2 + 401*w + 36. Give f(9).
0
Let l(r) = -23*r**3 + 69*r**2 - 148*r + 460. Give l(3).
16
Let f(s) = 9*s**2 + 74*s + 138. Determine f(-5).
-7
Let m(p) = 4*p**2 - 49*p + 9. What is m(12)?
-3
Let r(f) = 1102*f - 2181. Calculate r(2).
23
Let g(v) = -128*v - 463. Calculate g(-4).
49
Let c(j) = 5*j**2 + 324*j + 230. Calculate c(-64).
-26
Let i(z) = z**3 + 153*z**2 + 165*z + 1960. What is i(-152)?
-16
Let q(h) = 4*h**2 + 46*h - 635. Determine q(8).
-11
Let s(z) = -5573*z - 11155. Determine s(-2).
-9
Let t(k) = 17*k + 575. Calculate t(-30).
65
Let x(z) = -24*z + 189. What is x(10)?
-51
Let g(p) = -91*p + 4194. Give g(47).
-83
Let s(u) = u**2 - 11*u - 677. Calculate s(-21).
-5
Let b(r) = -3*r**2 + 10*r + 73. Calculate b(-7).
-144
Let a(b) = 2*b**3 - 11*b**2 + 39*b - 373. What is a(8)?
259
Let f(v) = -v**3 + 56*v**2 + 577*v - 79. Give f(-9).
-7
Let d(x) = 3*x**3 + 14*x**2 + 21*x - 4. What is d(-5)?
-134
Let h(i) = -28*i + 55. Give h(4).
-57
Let w(p) = 2*p - 17. Determine w(-26).
-69
Let g(d) = -15734*d + 4. Calculate g(0).
4
Let g(o) = -15*o - 541. Give g(-44).
119
Let d(a) = 3*a**3 - 7*a**2 - 12*a + 8. Calculate d(-3).
-100
Let h(x) = 16*x + 863. Give h(-39).
239
Let y(g) = 20*g**2 + 445*g + 145. What is y(-22)?
35
Let k(t) = 32*t - 125. Determine k(5).
35
Let g(i) = -i**2 - 2*i + 21. Calculate g(3).
6
Let p(d) = d**3 - 7*d**2 - 8*d + 1. Give p(9).
91
Let b(d) = -20*d**2 - 97*d + 257. Give b(2).
-17
Let v(x) = 50*x + 4. Give v(4).
204
Let r(m) = -719*m - 7910. What is r(-11)?
-1
Let v(m) = 3*m**2 - 35*m + 48. Give v(9).
-24
Let r(o) = o**2 + 11*o - 94. Determine r(6).
8
Let h(m) = -2*m**2 - 142*m - 36. What is h(-70)?
104
Let z(c) = -39*c**3 - 5*c**2 + 15*c - 12. Calculate z(1).
-41
Let b(u) = -u**3 - 74*u**2 - 215*u - 88. What is b(-71)?
54
Let w(c) = -20*c + 200. What is w(0)?
200
Let d(o) = 4*o**2 - 11*o + 20. Determine d(3).
23
Let t(u) = -76*u + 35. What is t(1)?
-41
Let f(g) = 31*g**2 - 431*g + 45. Give f(14).
87
Let b(c) = -c**2 + 244*c + 1686. Determine b(-7).
-71
Let c(m) = -87*m + 61. What is c(12)?
-983
Let g(u) = 3*u**2 - 65*u - 115. Determine g(23).
-23
Let j(v) = 16*v**2 - v - 3. What is j(2)?
59
Let k(h) = 22*h + 211. What is k(-17)?
-163
Let o(c) = -6*c**2 + 18*c - 33. Determine o(2).
-21
Let x(a) = -2*a**3 - 32*a**2 - 13*a - 14. Give x(-15).
-269
Let h(j) = -105*j + 649. What is h(7)?
-86
Let r(t) = 68*t - 788. Calculate r(11).
-40
Let r(m) = -m**2 - 561*m - 14415. Give r(-27).
3
Let x(k) = k**2 - 520*k + 2569. Give x(5).
-6
Let u(p) = -27*p - 26. Determine u(-1).
1
Let a(x) = -321*x + 328. Give a(1).
7
Let r(u) = -48*u + 191. Calculate r(13).
-433
Let c(j) = 369*j - 40592. What is c(110)?
-2
Let k(t) = t**3 + 30*t**2 - 62*t + 17. Give k(-32).
-47
Let p(c) = -c**3 - 11*c**2 - 11*c - 50. Determine p(-8).
-154
Let c(l) = l**2 - 164*l - 6493. Calculate c(-33).
8
Let s(i) = -435*i + 878. Calculate s(2).
8
Let q(w) = -354*w - 3723. Calculate q(-10).
-183
Let h(u) = 17*u - 29. Calculate h(13).
192
Let g(a) = 7*a**2 - 27*a + 133. Determine g(8).
365
Let y(r) = -r**2 + 62*r + 164. Determine y(56).
500
Let x(g) = 6*g**2 + 10*g - 19. Give x(5).
181
Let x(f) = 20*f - 379. What is x(19)?
1
Let w(d) = 398*d**2 - 1201*d + 3. Determine w(3).
-18
Let p(w) = w**3 - 31*w**2 + 11*w - 336. Calculate p(31).
5
Let o(q) = -12*q**3 + 10*q**2 - 30*q + 32. What is o(2)?
-84
Let c(x) = 18*x**2 - 194*x + 3. Calculate c(10).
-137
Let u(g) = -g**2 - 34*g + 69. Determine u(-9).
294
Let h(t) = 25*t + 2. Give h(-2).
-48
Let c(l) = -7*l**2 + 113*l + 119. What is c(18)?
-115
Let f(g) = -g**3 + 45*g**2 - 348*g - 68. Calculate f(35).
2
Let j(z) = -3*z**2 - 48*z - 81. Give j(-13).
36
Let g(x) = -17*x + 58. What is g(-12)?
262
Let m(p) = 922*p + 15733. What is m(-17)?
59
Let l(g) = -9*g**2 - 7*g - 20. Calculate l(-2).
-42
Let h(f) = -56*f + 67. Determine h(0).
67
Let u(m) = -m**3 - 60*m**2 - 18*m - 1441. Determine u(-60).
-361
Let u(g) = -10*g - 99. What is u(-11)?
11
Let c(m) = -m**3 + 47*m**2 - 417*m - 50. Give c(12).
-14
Let c(l) = -l**3 + 46*l**2 + 82*l - 1683. What is c(47)?
-38
Let f(q) = 409*q + 28615. What is f(-70)?
-15
Let k(h) = 3*h**3 + 6*h**2 - 16*h + 77. Calculate k(-7).
-546
Let m(v) = -8*v**3 + 120*v**2 - 3*v + 37. What is m(15)?
-8
Let p(g) = 12*g**2 - 5*g - 5. Determine p(-3).
118
Let q(o) = -188*o + 68. Calculate q(2).
-308
Let p(w) = -2*w**3 - 52*w**2 + 10*w + 207. Calculate p(-26).
-53
Let b(w) = w**3 + 10*w**2 + 49*w + 140. What is b(-6)?
-10
Let k(n) = 40*n**2 - 11*n + 12. What is k(1)?
41
Let n(i) = -5*i - 236. What is n(-47)?
-1
Let w(r) = 138*r - 2. Calculate w(1).
136
Let x(n) = -2*n**2 - n + 321. Calculate x(-14).
-57
Let v(c) = -175*c - 890. Calculate v(-5).
-15
Let m(p) = -22*p + 10. What is m(1)?
-12
Let p(l) = -163*l + 3626. Determine p(22).
40
Let o(d) = 30*d**2 + 181*d + 19. Determine o(-6).
13
Let d(h) = h**3 - 37*h**2 + 72*h - 73. Give d(35).
-3
Let x(g) = -g**2 + 18*g - 87. What is x(8)?
-7
Let o(n) = 5*n - 687. Give o(67).
-352
Let o(u) = -u**2 - 32*u - 255. What is o(-18)?
-3
Let h(z) = -2*z**2 + 290*z - 1119. Give h(141).
9
Let r(g) = g**2 - 60*g - 121. Give r(-2).
3
Let p(y) = 7086*y + 99205. Determine p(-14).
1
Let q(j) = j**2 + 58*j + 714. Determine q(-15).
69
Let c(r) = -r**3 + 12*r**2 - 2*r + 11. Determine c(6).
215
Let z(y) = -243*y**3 + y**2 - 2*y - 3. Calculate z(-1).
243
Let b(g) = -14*g + 54. Calculate b(0).
54
Let v(z) = z**3 - 20*z**2 - 11*z - 6. What is v(21)?
204
Let k(s) = 2*s**3 - 19*s**2 + 10*s - 41. Calculate k(9).
-32
Let r(g) = -11*g + 146. Calculate r(12).
14
Let b(y) = -y**3 + 3*y**2 + 29*y - 52. Calculate b(-5).
3
Let v(q) = q**2 + 25*q + 42. Determine v(-25).
42
Let v(h) = h**2 + 27*h + 172. Give v(-8).
20
Let